111210100 (base 3) in base 10?
-10053
-10143 (base 5) to base 3
-220221
Convert -10ba7 (base 12) to base 10.
-22447
Convert 25532 (base 11) to base 13.
13858
-81244 (base 10) to base 12
-3b024
What is bf5 (base 16) in base 7?
11632
What is 222013 (base 5) in base 3?
101122100
What is -4bca (base 14) in base 7?
-53543
117a (base 13) to base 3
10101101
Convert -100010110010 (base 2) to base 15.
-9d6
-140a9 (base 13) to base 10
-37488
3231 (base 11) to base 3
12212010
What is -11463 (base 10) in base 15?
-35e3
-2618 (base 10) to base 6
-20042
Convert 1b1 (base 12) to base 10.
277
Convert 52500 (base 7) to base 10.
12936
482 (base 15) to base 3
1101212
-1630 (base 11) to base 9
-2772
Convert -877 (base 9) to base 11.
-5a3
-106 (base 12) to base 5
-1100
-508 (base 13) to base 2
-1101010101
What is -10010100001011 (base 2) in base 7?
-36435
Convert -383 (base 12) to base 6.
-2243
What is 245 (base 6) in base 16?
65
665 (base 14) to base 9
1655
-16136 (base 7) to base 6
-32555
Convert 1010001011 (base 2) to base 9.
803
Convert -380 (base 11) to base 14.
-243
Convert 1403 (base 13) to base 8.
5474
Convert 2a (base 16) to base 9.
46
What is -1001000010010 (base 2) in base 10?
-4626
Convert 71 (base 12) to base 5.
320
Convert -33bc (base 14) to base 7.
-35125
What is -398 (base 11) in base 9?
-572
Convert 1100 (base 4) to base 13.
62
What is 12071 (base 9) in base 4?
1332103
What is -4501 (base 9) in base 4?
-303322
What is -120221100 (base 3) in base 12?
-6883
Convert -104110 (base 5) to base 14.
-1491
-423 (base 8) to base 13
-182
-120021 (base 4) to base 6
-11053
10201000 (base 3) to base 4
222030
Convert -1432 (base 9) to base 4.
-100322
What is 1c76 (base 16) in base 7?
30146
Convert -32 (base 10) to base 3.
-1012
Convert 1203033 (base 4) to base 5.
200401
-13003 (base 8) to base 3
-21201201
Convert 10745 (base 15) to base 4.
30300221
Convert 159e (base 16) to base 4.
1112132
Convert -1742 (base 9) to base 5.
-20314
3730 (base 10) to base 3
12010011
-a61 (base 16) to base 7
-10514
What is -914 (base 15) in base 9?
-2721
What is -1500 (base 6) in base 12?
-290
-106 (base 16) to base 3
-100201
-104a2 (base 15) to base 13
-1a6a2
573 (base 8) to base 14
1d1
Convert -1210 (base 9) to base 6.
-4100
Convert -2011 (base 11) to base 5.
-41144
Convert 213 (base 16) to base 15.
256
What is 11313213 (base 4) in base 5?
1232124
Convert -1101000011110 (base 2) to base 12.
-3a52
What is 510 (base 9) in base 3?
120100
-8b6 (base 13) to base 5
-22001
What is -3ca6 (base 14) in base 10?
-10730
What is -440 (base 6) in base 13?
-cc
Convert 6a76 (base 14) to base 3.
221102020
Convert -22b0b (base 12) to base 2.
-1011010110111011
Convert 21042 (base 5) to base 14.
71b
Convert -1001202 (base 3) to base 7.
-2156
What is 1120112 (base 3) in base 14?
5c0
45a4 (base 11) to base 5
143133
308 (base 12) to base 9
538
What is 8425 (base 9) in base 8?
14043
-22032 (base 4) to base 13
-3b4
a60 (base 15) to base 9
3180
What is 1133 (base 9) in base 2?
1101001000
What is 3838 (base 9) in base 7?
11240
What is 21a (base 14) in base 4?
12200
-11120001 (base 3) to base 13
-1687
-1100212 (base 3) to base 4
-33203
Convert 581 (base 12) to base 16.
331
Convert 167c6 (base 15) to base 11.
4a633
What is 3204 (base 11) in base 7?
15234
-465 (base 11) to base 5
-4210
17675 (base 8) to base 15
261a
What is -11010100011 (base 2) in base 11?
-1305
Convert -1a99 (base 16) to base 5.
-204214
What is 3000 (base 4) in base 10?
192
What is 1600 (base 7) in base 12?
451
17682 (base 15) to base 11
51989
What is -39b6 (base 12) in base 8?
-14732
Convert 4177 (base 9) to base 10.
3067
Convert -12732 (base 8) to base 14.
-2078
What is 23838 (base 13) in base 9?
108276
d1 (base 14) to base 10
183
Convert -42e (base 15) to base 11.
-789
What is -35150 (base 6) in base 12?
-2ab6
Convert -3c2b (base 13) to base 16.
-21d0
What is dc (base 16) in base 3?
22011
What is 11110 (base 4) in base 15?
17a
What is 1144 (base 6) in base 14?
160
What is -ab5 (base 15) in base 6?
-15112
4232 (base 5) to base 13
348
23252 (base 6) to base 3
11120212
What is -1033123 (base 4) in base 3?
-20222021
What is -8161 (base 16) in base 8?
-100541
What is 23762 (base 9) in base 7?
64310
-1aa4 (base 13) to base 15
-12d1
What is 1221 (base 7) in base 9?
556
3322221 (base 4) to base 6
202133
a01 (base 14) to base 11
1523
-30 (base 14) to base 10
-42
451 (base 12) to base 5
10022
Convert -7b (base 14) to base 8.
-155
7551 (base 10) to base 13
358b
What is -2629 (base 10) in base 6?
-20101
Convert -2220012 (base 3) to base 13.
-c65
What is 50005 (base 8) in base 13?
942a
-103134 (base 7) to base 13
-81c9
Convert 5237 (base 14) to base 4.
3131101
23001 (base 5) to base 9
2206
463 (base 8) to base 5
2212
What is -28a (base 15) in base 8?
-1104
What is 1933 (base 12) in base 5?
44223
Convert -6482 (base 12) to base 4.
-2230202
What is -162063 (base 7) in base 4?
-13303020
1222201 (base 3) to base 15
66a
Convert -424 (base 5) to base 13.
-8a
Convert -111a9 (base 11) to base 4.
-3331110
Convert -14321 (base 7) to base 12.
-233b
Convert -3233 (base 11) to base 9.
-5765
Convert -5a2 (base 12) to base 2.
-1101001010
Convert -62233 (base 7) to base 11.
-10481
Convert 1c8a (base 16) to base 11.
5542
3c2b (base 15) to base 10
12866
2420 (base 6) to base 2
1001001100
What is -68 (base 9) in base 11?
-57
What is -20084 (base 9) in base 3?
-200002211
-2696 (base 14) to base 4
-1222030
What is -25d0 (base 14) in base 2?
-1100111111010
72334 (base 8) to base 3
1112001000
What is 7b2 (base 15) in base 12?
1012
-347 (base 13) to base 2
-1000110110
What is 1746 (base 8) in base 16?
3e6
-99a (base 15) to base 4
-201322
Convert 3222 (base 4) to base 6.
1030
What is -33634 (base 8) in base 7?
-56335
What is -111011110110010 (base 2) in base 12?
-15896
-352 (base 12) to base 10
-494
13020 (base 12) to base 2
110010101011000
What is -101111100 (base 2) in base 7?
-1052
Convert -14711 (base 10) to base 12.
-861b
What is -14132 (base 5) in base 3?
-1121020
237 (base 11) to base 8
432
Convert -444 (base 11) to base 6.
-2244
Convert 25543 (base 8) to base 7.
44245
Convert 2676 (base 11) to base 9.
4676
What is -279 (base 10) in base 9?
-340
145d (base 14) to base 11
2793
Convert -f96 (base 16) to base 13.
-1a7c
-b16 (base 12) to base 6
-11230
101011100001011 (base 2) to base 12
10a8b
Convert -948 (base 14) to base 7.
-5221
What is 6249 (base 13) in base 5?
413311
-10001000111 (base 2) to base 6
-5023
10162 (base 7) to base 6
15314
What is -111110 (base 2) in base 5?
-222
What is 1630 (base 7) in base 4?
22102
Convert -3031 (base 7) to base 10.
-1051
What is 16a7a (base 11) in base 16?
5d74
What is -1011111000 (base 2) in base 3?
-1001011
2322 (base 6) to base 15
26e
What is -215 (base 14) in base 15?
-1c6
What is 2511 (base 13) in base 5?
132003
What is 8308 (base 9) in base 5?
143313
What is -3300112 (base 4) in base 8?
-36026
22010 (base 4) to base 3
212212
What is -6155 (base 7) in base 8?
-4143
Convert -21377 (base 11) to base 16.
-7954
Convert 2541 (base 7) to base 9.
1276
-17175 (base 9) to base 8
-27045
4270 (base 16) to base 14
62ac
Convert 5a9 (base 11) to base 12.
504
20033023 (base 4) to base 2
1000001111001011
Convert -6004 (base 16) to base 10.
-24580
Convert -7488 (base 11) to base 3.
-111120120
-1111011 (base 2) to base 3
-11120
Convert cc4 (base 15) to base 16.
b44
-222 (base 15) to base 12
-342
Convert -1201 (base 9) to base 3.
-1020001
What is 41113 (base 5) in base 8?
5142
-3222 (base 6) to base 8
-1336
17513 (base 8) to base 6
101031
What is -ae0 (base 16) in base 11?
-2101
Convert 20a (base 11) to base 14.
140
What is 44468 (base 9) in base 3?
1111112022
What is -36562 (base 9) in base 14?
-8d14
What is 6494 (base 10) in base 16?
195e
What is 14215 (base 11) in base 16?
4eff
What is -a366 (base 16) in base 2?
-1010001101100110
Convert -230132 (base 4) to base 5.
-42341
-3361 (base 10) to base 9
-4544
-1000111110000110 (base 2) to base 5
-2133432
-41 (base 6) to base 16
-19
-180 (base 15) to base 5
-2340
What is 2695 (base 11) in base 9?
4710
1502 (base 9) to base 2
10001110000
1111341 (base 5) to base 11
137a5
154 (base 13) to base 11
1a7
What is -10101221 (base 3) in base 5?
-34412
What is -3898 (base 10) in base 6?
-30014
11100111 (base